 2*s + 1. Let l(o) = 5*i(o) + 3*t(o). Let k be l(-2). Let q = k - -6. What is the units digit of q?
6
Suppose -3*d - 5*z = -0*z - 255, 0 = -2*d + z + 157. What is the tens digit of d?
8
Let h be ((-2)/(-4) - -3)*-2. What is the tens digit of 12/(8/2) - h?
1
Let q(j) = 2*j - 1. Let l be q(3). Suppose 4*d - l*x - 25 + 10 = 0, 5*d = -4*x + 29. What is the units digit of d?
5
Let q = 21 + -37. What is the units digit of ((-10)/(-20))/((-2)/q)?
4
Suppose 0*q = 5*q + 3825. What is the tens digit of q/(-25) - (-2)/5?
3
Suppose 5*q - 2 = 4*z - 34, -5*q + z - 38 = 0. What is the units digit of q/20 - (-81)/15?
5
Let d = 36 + -6. Let p = d - 14. What is the tens digit of p?
1
What is the units digit of (-1 + 5)*22/4?
2
Let w(o) = 6*o**3 + o**2 - 1. Let f be w(1). What is the tens digit of (-20)/f*(-48)/10?
1
Let s(b) be the second derivative of 4*b**3/3 - 4*b. What is the units digit of s(1)?
8
Let h(w) = w + 6. Let z be h(-7). Let x(s) be the first derivative of -s**4/4 + 1. What is the units digit of x(z)?
1
Let z = 44 + -18. Let n = z + -11. What is the units digit of n?
5
Suppose 0 = 2*u - 164 - 106. What is the units digit of u?
5
Let m be (6/(-8))/((-3)/24). Let u(c) = c + 4 + 1 - m. What is the units digit of u(4)?
3
Suppose -n + 3*n - 22 = 0. Suppose -n*p + 13*p = 76. What is the tens digit of p?
3
Let h = 8 - 8. Suppose -4*r + 5*r - 1 = h. What is the units digit of r?
1
Suppose 0 = z + 4*l + l - 131, 0 = z + l - 147. What is the hundreds digit of z?
1
Let y(q) = -q**3 - 7*q**2 - 19*q - 11. What is the tens digit of y(-7)?
2
Let t(n) = n**2 + 2*n + 7. Suppose 2*k + 6 = 16. Let o be t(k). What is the units digit of (-1)/(-3) + o/9?
5
Let f(d) = -2*d + 2. Let j(c) = -c - 8. Let s be j(-6). What is the units digit of f(s)?
6
Suppose -v = -39 - 115. What is the hundreds digit of v?
1
Suppose z + 2*z + 60 = 0. Let v = 37 + z. What is the tens digit of v?
1
Let r(m) = 10 + 3*m**2 - m**3 - 3 - 8*m**2. What is the units digit of r(-5)?
7
Let w(c) = c**2 + 14*c + 4. Let o be w(-14). Suppose o*q = 170 - 30. What is the tens digit of q?
3
Let d = 0 + -35. Let b = 49 + d. Suppose -2*q + 3*q - 2*l - 18 = 0, 0 = -3*q - 2*l + b. What is the units digit of q?
8
Let n be 15/5*8/6. Suppose -n*o - 4*q + 3*q = -46, 0 = 5*o - 2*q - 64. What is the units digit of o?
2
Let s = 11 - 4. Suppose 5*b = -u + 3, -3*u + 2 = 4*b - s. Suppose -12 - 6 = -u*d. What is the units digit of d?
6
Let c(p) = p**2 + p - 1. Suppose 3 = -3*g - 3. Let o be c(g). Let z(y) = 3*y**3 - y**2 + 1. What is the units digit of z(o)?
3
What is the units digit of 2072/52 + (-4)/(-26)?
0
Let c(a) = 2*a**2 + 9*a + 14. What is the units digit of c(-8)?
0
Let t(n) = -n**2 - 19*n - 1. What is the tens digit of t(-17)?
3
Let c(l) = -l + 3. Let n = -2 + 4. What is the units digit of c(n)?
1
Let p = -2 - 12. Let d = p - -23. What is the units digit of d?
9
What is the units digit of 32 - (-4)/(-8)*-2?
3
Suppose -456 = 6*w - 2340. What is the units digit of w?
4
Suppose -3*j + 0 + 5 = -t, 0 = 4*t - 3*j - 7. Suppose 5*p - 69 = t*p. Suppose 0 = d - 2*a - 15, 0*d = 5*d - 4*a - p. What is the units digit of d?
3
Suppose -20 + 2 = 3*z. Let h(p) = -p**2 - 8*p - 6. What is the units digit of h(z)?
6
Let l(x) = 12*x - 1. What is the tens digit of l(2)?
2
What is the units digit of 5/(-15)*-3 - -52?
3
Let k(l) = l**2 - 6*l + 4. Let f(r) = -r**3 - 5*r**2 - 5*r + 1. Let q be f(-4). Suppose 0*v + q*v = 30. What is the units digit of k(v)?
4
Let l = 24 - 14. What is the tens digit of l?
1
Let y(l) = -l**3 + 4*l**2 + 4*l + 5. Let g be y(5). Suppose g*o + o = 3. What is the units digit of o?
3
Let u = 8 - 5. Suppose -15 = -u*f + 6. What is the units digit of f?
7
Let j(r) = -r**3 - 4*r**2 - 3*r. Let p be (2*-1 + -1)*1. Let t be (-1)/(p/(-12)) + 0. What is the units digit of j(t)?
2
Let r = -239 - -341. What is the units digit of r?
2
Let g be 12/(-18) + (-316)/(-6). Let w = g + -34. What is the units digit of w?
8
Let p(y) = -y + 11. Let f be p(9). Suppose -5*w = -4*r + 110 + 25, -w = f*r - 71. What is the units digit of r?
5
Suppose 2*m - 7*w = -2*w + 27, 2*w - 2 = 0. What is the units digit of m?
6
Let y = 7 - 6. Suppose w + 11 = -y. What is the units digit of (4/w)/((-1)/24)?
8
Let c(d) be the first derivative of d**4/4 - 7*d**3/3 + 3*d - 2. Suppose -3*v + 5*v - 3*a - 5 = 0, -15 = -3*v + 2*a. What is the units digit of c(v)?
3
Suppose 2*c - 4*c + 40 = 0. What is the units digit of c?
0
Suppose 1 = -3*k - 2*h, -2*k + 3*h - 2 = 16. Let s = -4 - k. What is the units digit of (15/9)/(s/(-3))?
5
Suppose 3 + 4 = r + y, -5*r + 4*y + 26 = 0. Suppose r + 6 = 3*p. What is the units digit of p?
4
Let s = 94 - 19. What is the tens digit of s?
7
What is the units digit of ((-2)/7)/((-3)/21)?
2
Let g = 4 + -6. Let p = 21 - g. What is the tens digit of p?
2
Let s(q) = 5*q**2 - q. Let g be s(-1). Suppose g*m - 10*m = -16. What is the units digit of m?
4
Suppose 3*q = 4 + 2. Suppose -w = -1 - q. What is the units digit of w?
3
Let u = -47 - -136. What is the units digit of u?
9
Let b(n) = -7*n + 0 + 0*n**3 + n**3 - 6*n**2 + 2. Let k(c) = 5*c - 38. Let y be k(9). What is the units digit of b(y)?
2
Suppose 0 = 5*r + t - 20, 5*t + 2 + 6 = 2*r. What is the units digit of 11*2/4*r?
2
Let v be 0/(1*(-2 + 0)). Let l(c) = 6*c**2 + 3*c**3 - 2 - 5*c - 4*c**3 + v*c**2. What is the tens digit of l(4)?
1
Let d = -8 - -10. Suppose -d*j = -2*n + j + 53, 0 = -2*n - 4*j + 18. What is the units digit of n?
9
Let m be (-3)/(-2)*10/(-5). Let w = -1 - m. What is the units digit of 1*(-1 + w + 7)?
8
Suppose -3*y + 51 = -78. What is the tens digit of y?
4
Let b(j) = j**3 - 7*j**2 + 5*j + 1. Let x be b(6). Let h = 9 + x. Suppose -u + 5 = -i - 2, -2*u = h*i + 10. What is the units digit of u?
3
Suppose -3*t - 3*n = -76 - 95, 4*t + 5*n = 224. What is the units digit of t?
1
Let s(t) = -t**2 - t + 7. Let l be s(0). Let n(y) = y - 5. What is the units digit of n(l)?
2
Let u be 63/(-6)*6/(-9). Suppose 2*m = 5*z - 18, -2*z + 80 = -5*m - u*z. What is the units digit of m*(-1)/(-4)*-2?
7
Suppose -35 = -5*n - 5*o, -5*n - 2*o + 37 = 2*o. What is the units digit of n?
9
Let f be (-12)/4*(-1)/1. Suppose f*h - 54 = -3*t - 6, 2*t - 17 = h. What is the tens digit of t?
1
Let j(m) = 9*m**2 + m. Let a be (-3)/(-12) - (-15)/(-12). Let o be j(a). Suppose -3*r - 8*x + o = -4*x, x = -r + 4. What is the units digit of r?
8
Suppose 5*z = 2*z + 9. Suppose 3*y + z*n - 11 = -n, -4*n - 9 = -y. Suppose 4*t + m - 6 = 0, y*t - 2*m + 3*m = 8. What is the units digit of t?
2
What is the tens digit of 3 - 0 - 224/(-8)?
3
Suppose 4*y + y = 150. What is the units digit of y?
0
Let t(u) = u - 6. Let g be t(8). Suppose 4*y = 2*k + g*k - 20, -y = 4*k - 35. What is the units digit of k?
8
Let l(d) = 2*d - 7. Let m be l(5). Suppose -m + 27 = k. What is the units digit of k?
4
Let v = 221 + -111. Suppose 6*c = c + v. What is the tens digit of c?
2
Suppose -3*u + m + 7 = 0, 0*m + 5*m = 5*u + 5. Suppose 4*f - 136 = 4*p, 0 = 3*f - u*f + 4*p + 31. Suppose 0 = -5*i - 5 + f. What is the units digit of i?
6
Let h(c) = 7*c**2 - 2*c - 1. Let l be h(-1). Suppose 0 = 7*f - 12*f + 25. Let a = l - f. What is the units digit of a?
3
Suppose -3*w - 3 = -2*f - 4, -4*w = f - 16. Let b(o) = o**2 - 3*o. Let y be b(w). Suppose 3*l + 3*d - 3 + 0 = y, 2*d = -3*l + 8. What is the units digit of l?
6
Suppose -l + 255 = l + 3*p, -l + 5*p = -160. What is the tens digit of l?
3
Let b = -86 - -167. What is the units digit of b?
1
What is the units digit of (-442)/(-10) - (-8)/(-40)?
4
Let p(m) = -m**2 - m - 24. Let z be p(0). What is the units digit of (-2)/(-6) + z/(-9)?
3
Suppose 2*d + 10 = 0, -3*b - 2*b = 5*d - 310. What is the tens digit of b?
6
Let g(u) = u**2 + 3*u - 2. Let r = -2 - -4. What is the units digit of g(r)?
8
Suppose x + 85 = -21. Let t be 2*(x/(-4) - 0). Suppose -5*v + 87 = 3*c + 8, -t = -3*v + c. What is the units digit of v?
7
Let y be (-2 - -3 - 1) + 1. Let p(r) = -r**2 - 6 + y + 0 + 8*r + 0. What is the tens digit of p(5)?
1
Suppose -14*q + 8*q + 150 = 0. What is the tens digit of q?
2
What is the tens digit of (-9 - -6) + 5*8?
3
Let g(j) = -7 + 16 + 2*j**2 + j**3 - 6*j + 5*j**2 - 2*j**3. What is the units digit of g(6)?
9
Let u = 66 - 31. What is the units digit of u?
5
Let m(f) = f**3 + 6*f**2 - 5